73
Convert 20 (base 5) to base 8.
12
Convert -100012 (base 3) to base 6.
-1052
100011010 (base 2) to base 10
282
-6 (base 12) to base 8
-6
Convert -9 (base 14) to base 9.
-10
What is 1 (base 9) in base 11?
1
-150 (base 10) to base 3
-12120
Convert -5 (base 11) to base 7.
-5
What is 16 (base 11) in base 10?
17
What is 3 (base 12) in base 6?
3
What is 16 (base 12) in base 3?
200
What is -4 (base 14) in base 15?
-4
-b (base 12) to base 8
-13
3 (base 6) to base 8
3
-8 (base 12) to base 3
-22
4 (base 5) to base 7
4
Convert 26 (base 15) to base 3.
1100
1 (base 9) to base 6
1
What is 10 (base 6) in base 14?
6
Convert 31 (base 7) to base 6.
34
-166 (base 7) to base 15
-67
-3 (base 8) to base 3
-10
What is -1 (base 5) in base 2?
-1
Convert 2 (base 10) to base 2.
10
Convert 6 (base 9) to base 3.
20
Convert 1 (base 3) to base 12.
1
What is -58 (base 11) in base 14?
-47
Convert -79 (base 16) to base 14.
-89
What is -2 (base 9) in base 14?
-2
What is 20 (base 6) in base 13?
c
-30 (base 6) to base 12
-16
2 (base 10) to base 2
10
Convert 6 (base 7) to base 12.
6
What is 26 (base 9) in base 2?
11000
What is -15a (base 13) in base 9?
-301
What is -1455 (base 6) in base 10?
-395
Convert -2 (base 6) to base 2.
-10
What is -231 (base 4) in base 13?
-36
Convert 123 (base 4) to base 10.
27
What is 7 (base 12) in base 15?
7
1 (base 3) to base 16
1
Convert 19 (base 16) to base 11.
23
Convert -2 (base 6) to base 13.
-2
Convert 3 (base 4) to base 6.
3
Convert -2 (base 12) to base 2.
-10
-2 (base 16) to base 13
-2
Convert 5 (base 16) to base 14.
5
-133 (base 4) to base 14
-23
Convert -110000 (base 2) to base 4.
-300
223 (base 5) to base 8
77
What is -20 (base 6) in base 3?
-110
Convert 11 (base 2) to base 9.
3
What is 4 (base 8) in base 13?
4
Convert 1a6 (base 12) to base 16.
10e
What is -10 (base 13) in base 8?
-15
What is 10010101 (base 2) in base 13?
b6
What is 311 (base 8) in base 5?
1301
What is -43 (base 13) in base 5?
-210
Convert 1 (base 10) to base 15.
1
Convert -1b1 (base 14) to base 16.
-15f
-32 (base 6) to base 15
-15
35 (base 10) to base 12
2b
Convert -203 (base 6) to base 15.
-50
What is -1 (base 16) in base 5?
-1
What is 21212 (base 3) in base 11?
183
Convert -50 (base 8) to base 2.
-101000
-2 (base 10) to base 4
-2
23 (base 14) to base 12
27
What is 4a (base 14) in base 9?
73
0 (base 14) to base 3
0
2 (base 11) to base 2
10
8 (base 15) to base 5
13
What is -241 (base 6) in base 5?
-342
What is -8 (base 16) in base 2?
-1000
Convert 10 (base 2) to base 6.
2
What is -2 (base 13) in base 2?
-10
-1 (base 7) to base 3
-1
What is 11121 (base 3) in base 2?
1111100
d (base 16) to base 12
11
What is 20 (base 11) in base 5?
42
What is -3 (base 5) in base 7?
-3
What is 204 (base 11) in base 10?
246
Convert -33 (base 11) to base 3.
-1100
-8 (base 13) to base 6
-12
Convert -43 (base 9) to base 14.
-2b
-111 (base 2) to base 4
-13
What is -1 (base 12) in base 16?
-1
What is -14 (base 7) in base 5?
-21
Convert -42 (base 7) to base 16.
-1e
Convert -30 (base 13) to base 3.
-1110
Convert 128 (base 16) to base 11.
24a
156 (base 14) to base 3
101002
-10 (base 4) to base 14
-4
What is 312 (base 7) in base 5?
1111
Convert 31 (base 8) to base 2.
11001
Convert -11121 (base 4) to base 3.
-110210
Convert -63 (base 10) to base 15.
-43
What is -2b (base 14) in base 10?
-39
What is -7 (base 15) in base 4?
-13
-5 (base 8) to base 13
-5
What is 11100 (base 3) in base 9?
140
What is -6 (base 13) in base 10?
-6
31 (base 8) to base 11
23
-11010 (base 2) to base 9
-28
Convert -1 (base 6) to base 16.
-1
What is -16 (base 11) in base 15?
-12
Convert 3131 (base 4) to base 8.
335
What is -5 (base 7) in base 9?
-5
What is -104 (base 5) in base 6?
-45
-10 (base 4) to base 6
-4
-1 (base 3) to base 15
-1
13 (base 15) to base 16
12
Convert -3 (base 4) to base 3.
-10
Convert 6 (base 8) to base 11.
6
What is 6 (base 10) in base 3?
20
Convert 132 (base 6) to base 2.
111000
Convert -120 (base 3) to base 4.
-33
-34 (base 6) to base 12
-1a
What is 21 (base 3) in base 16?
7
1 (base 5) to base 2
1
3 (base 5) to base 13
3
Convert -1100010 (base 2) to base 11.
-8a
-2 (base 13) to base 9
-2
Convert 0 (base 11) to base 2.
0
Convert 26 (base 9) to base 6.
40
What is 4 (base 6) in base 10?
4
Convert 12 (base 5) to base 2.
111
Convert 90 (base 14) to base 16.
7e
1 (base 7) to base 2
1
30 (base 7) to base 5
41
Convert -51 (base 8) to base 9.
-45
Convert 3 (base 11) to base 13.
3
What is -3 (base 13) in base 15?
-3
10 (base 3) to base 5
3
Convert 32 (base 8) to base 2.
11010
Convert 1 (base 3) to base 2.
1
Convert 0 (base 12) to base 16.
0
-8 (base 16) to base 9
-8
What is -9 (base 16) in base 8?
-11
What is 15 (base 13) in base 9?
20
What is 1 (base 2) in base 11?
1
0 (base 15) to base 4
0
What is -6 (base 12) in base 8?
-6
Convert -4 (base 9) to base 15.
-4
-2 (base 7) to base 2
-10
Convert -2 (base 13) to base 14.
-2
Convert a (base 11) to base 15.
a
What is 5 (base 13) in base 16?
5
-38 (base 14) to base 4
-302
-214 (base 7) to base 4
-1231
Convert -12 (base 9) to base 8.
-13
Convert -e (base 15) to base 13.
-11
What is -5 (base 16) in base 12?
-5
10 (base 2) to base 5
2
What is -34 (base 8) in base 4?
-130
What is 68 (base 9) in base 5?
222
What is -7 (base 16) in base 8?
-7
Convert -33 (base 12) to base 16.
-27
Convert -3 (base 7) to base 10.
-3
Convert -3 (base 5) to base 7.
-3
Convert -5 (base 9) to base 5.
-10
Convert 2202 (base 3) to base 11.
68
Convert -134 (base 6) to base 9.
-64
-2 (base 4) to base 13
-2
What is -53 (base 8) in base 9?
-47
224 (base 8) to base 9
174
Convert 0 (base 8) to base 16.
0
What is 11 (base 5) in base 6?
10
Convert 8 (base 13) to base 15.
8
What is 21 (base 3) in base 5?
12
5 (base 14) to base 3
12
What is 1131 (base 4) in base 10?
93
Convert 11 (base 2) to base 8.
3
2 (base 9) to base 12
2
What is -40 (base 13) in base 12?
-44
-32 (base 8) to base 15
-1b
450 (base 9) to base 7
1035
Convert -10 (base 8) to base 11.
-8
What is 115 (base 7) in base 4?
331
Convert -14 (base 6) to base 12.
-a
10a (base 15) to base 6
1031
15 (base 16) to base 6
33
Convert 103 (base 4) to base 6.
31
What is 2 (base 14) in base 13?
2
Convert 30 (base 12) to base 9.
40
Convert 0 (base 8) to base 10.
0
-64 (base 7) to base 12
-3a
Convert 1a4 (base 13) to base 2.
100101111
What is -5 (base 14) in base 7?
-5
Convert -1 (base 10) to base 2.
-1
What is -81 (base 11) in base 12?
-75
55 (base 9) to base 12
42
Convert 231 (base 5) to base 6.
150
Convert -13 (base 5) to base 13.
-8
Convert 2 (base 12) to base 2.
10
Convert 4 (base 7) to base 13.
4
What is -63 (base 14) in base 6?
-223
What is 0 (base 9) in base 8?
0
What is -6 (base 7) in base 6?
-10
0 (base 9) to base 3
0
3 (base 4) to base 9
3
What is 7 (base 16) in base 3?
21
What is -12 (base 11) in base 7?
-16
Convert -22 (base 9) to base 8.
-24
-2 (base 12) to base 10
-2
What is -a (base 11) in base 8?
-12
Convert 7 (base 11) to base 3.
21
Convert 1 (base 2) to base 14.
1
104 (base 8) to base 3
2112
What is -5 (base 11) in base 7?
-5
35 (base 13) to base 5
134
Convert -264 (base 7) to base 8.
-220
Convert 4d (base 15) to base 8.
111
-11 (base 7) to base 4
-20
What is 0 (base 11) in base 5?
0
-18 (base 10) to base 8
-22
Convert -33 (base 5) to base 9.
-20
What is 40 (base 10) in base 16?
28
1 (base 3) to base 10
1
Convert -300 (base 6) to base 16.
-6c
What is 7 (base 9) in base 7?
10
Convert -18 (base 13) to base 16.
-15
Convert 530 (base 7) to base 5.
2031
Convert 11012 (base 3) to base 4.
1301
What is -135 (base 6) in base 3?
-2012
-30 (base 5) to base 7
-21
300 (base 9) to base 16
f3
-2c (base 13) to base 2
-100110
30 (base 5) to base 14
11
What is 0 (base 15) in base 16?
0
Convert 222 (base 8) to base 7.
266
What is -4 (base 9) in base 11?
-4
What is -3 (base 4) in base 5?
-3
10220 (base 3) to base 8
151
111 (base 2) to base 5
12
Convert -24 (base 8) to base 15.
-15
-69 (base 16) to base 14
-77
What is 124 (base 12) in base 6?
444
Convert 36 (base 11) to base 15.
29
-1110101 (base 2) to base 8
-165
-7 (base 9) to base 13
-7
-1 (base 9) to base 8
-1
-4 (base 13) to base 8
-4
Convert -14 (base 5) to base 4.
-21
What is 0 (base 12) in base 3?
0
What is -16 (base 9) in base 10?
-15
-34 (base 6) to base 15
-17
What is 2 (base 9) in base 14?
2
Convert 1 